actors of t/(-14) + (-102)/(-14).
7
Suppose 46 - 281 = -u. List the prime factors of u.
5, 47
Let q be (51/1)/(3/2). Suppose -4*n = -q + 2. What are the prime factors of n?
2
Let m = -31 + 67. Let h = m + -13. What are the prime factors of h?
23
Suppose -120 = -3*x - 0*x. Let i = x - 24. What are the prime factors of i?
2
List the prime factors of (-28 + 2)*(50/(-4))/5.
5, 13
Let w be 5*-2 - (1 + 1). Let n = w + 22. Let k = 5 + n. List the prime factors of k.
3, 5
Let i(v) = 19*v**2 - v. Let m be i(-1). Suppose -2*h + 12 = -3*w + w, -m = -3*h + 4*w. Suppose -6 - 10 = -h*b. What are the prime factors of b?
2
What are the prime factors of (15/9)/((-2)/(-282) - 0)?
5, 47
Suppose -3*r - 2*r + j + 286 = 0, 2*r - 5*j - 119 = 0. Suppose 0 = 3*s - 2*n - r, -4*n = -9*n - 15. Suppose 0 = -2*d + 45 - s. List the prime factors of d.
2, 7
Suppose 2*l = 3*l - 2. Let j be (-1 - l) + -1 - 0. Let f = 19 + j. List the prime factors of f.
3, 5
Suppose 21 = -3*m - 5*r + 446, -2*m - 4*r = -286. What are the prime factors of m?
3, 5
Let s(a) = 8*a - 1. Let k be s(1). What are the prime factors of k - (-4 + 1 - -3)?
7
What are the prime factors of 6/(-8) + (-1338)/(-24) + -2?
53
Suppose -3*g + 8 = d, 4*d = -2*g - 0*g + 2. Let a = 1 + 3. What are the prime factors of 13 - (d + a + -2)?
2, 3
Suppose -2*f - a - 2*a - 2 = 0, 0 = 4*f + 4*a. Suppose 5*u - 4*z + 88 + 27 = 0, 10 = -f*z. What are the prime factors of (-110)/(-9) + 6/u?
2, 3
Let f be 2/3 + 184/(-6). Let y = f + 43. What are the prime factors of y?
13
Suppose -2*h - 2*i + 27 = 3*i, 3*i - 9 = 0. Suppose 0 = -a - 0*a + h. What are the prime factors of a?
2, 3
Let c(j) = -j + 1. Let h be c(1). Let a be 4 + 2 + -2 + h. Suppose -a*l = -4*r - 48, -4*l + 0*l = -3*r - 47. What are the prime factors of l?
11
Let s = 84 + -39. Let g = s + -12. List the prime factors of g.
3, 11
Let k(a) = a**3 - 2*a**2 + 2*a - 2. Let x be k(2). Let t be 12/(-9) - x/(-6). List the prime factors of 1/(((-2)/4)/t).
2
Let m be ((0 - -1) + -1)/1. Suppose -5*i = 20, -3*n + i = -3*i - 40. Suppose m = 2*f - 8 - n. List the prime factors of f.
2
Suppose -3*u = -12 - 3. Let w(k) = -5*k**2 + k**3 + 2*k**3 + k + 4 - 2*k**3. What are the prime factors of w(u)?
3
Let a(w) = 35*w + 2. Let g be a(-1). Let n = -12 - g. List the prime factors of n.
3, 7
Let v be (-114)/(-12) + 2/4. Suppose 5*c - v = 0, -5*a - 15 = 3*c - 116. What are the prime factors of a?
19
Suppose 538 = 2*b + 2*l + 214, -476 = -3*b - 5*l. What are the prime factors of b?
167
Let m(g) be the first derivative of g**4/4 + 11*g**3/3 - 15*g**2/2 - 18*g + 1. List the prime factors of m(-12).
2, 3
Let m(t) = 2*t**3 + 2*t**2 - t - 4. Let w be m(2). Suppose -44 = -2*v + w. What are the prime factors of v?
31
Let l(h) = -h + 1. Let f be l(0). Let t be (-6)/4*2*f. Let n = t - -5. List the prime factors of n.
2
Suppose -2*b - 4*n = -190, 4*n - 49 - 347 = -4*b. What are the prime factors of b?
103
Suppose 4*h = 0, -r + 3*r = 5*h - 8. Let k(j) = 4*j - 2. Let v be k(2). Let z = v + r. List the prime factors of z.
2
Let u(o) = 4*o - 17. What are the prime factors of u(12)?
31
Let v(u) = 8*u + 1. What are the prime factors of v(5)?
41
Let p(l) = -l + 8. Let d be 5 + (-2 + 4 - 1). Let c be p(d). Suppose c*g = -2*g + 52. List the prime factors of g.
13
Suppose 0*k - 3*k - i + 763 = 0, 2*k = -4*i + 522. What are the prime factors of k?
11, 23
Let l(u) = -3*u - 13. Let w(f) = f + 4. Let s(n) = -2*l(n) - 7*w(n). Let p be s(-8). Suppose h - p = -3*m, h + m - 42 = -2*h. List the prime factors of h.
3, 5
Let h = 22 - -31. What are the prime factors of h?
53
Let c = -8 + 11. Let b = c - -1. Suppose 0 = -2*p + u + 17, u + b*u = -4*p + 69. What are the prime factors of p?
11
Let r be (-2)/(-1)*27/(-6). Let z = r - -17. What are the prime factors of z?
2
Suppose -12*a = -8*a - 164. List the prime factors of a.
41
Let a = 55 + -40. What are the prime factors of a?
3, 5
Let y(f) = f**2 + 11*f + 14. List the prime factors of y(-13).
2, 5
Let t be (-3)/(-3)*15*1. Let i(g) = g**3 + 6*g**2 - 4*g - 3. Let u be i(-6). Let z = u - t. List the prime factors of z.
2, 3
Let h be (-3)/(-15) + (-12)/10. Suppose 2*j - 4*k + 2*k + 4 = 0, -j = -4*k + 11. What are the prime factors of j/(h*(-2)/16)?
2
Suppose 0 = s - 0*s - 5*r - 105, 3*r - 225 = -3*s. Let i = s + -128. What are the prime factors of (-6)/(-15) + i/(-5)?
2, 5
Let q be (9/6)/(6/(-8)). List the prime factors of (-39)/(-2)*q/(-3).
13
What are the prime factors of (18/(-10))/(12/(-40))?
2, 3
Let l be (4/6)/((-4)/(-30)). Suppose 0*w - 2 = -2*w. Suppose o = -w + l. List the prime factors of o.
2
Let t(g) = -6*g + 9. List the prime factors of t(-5).
3, 13
Let h(m) be the first derivative of -m**2/2 - 8. What are the prime factors of h(-12)?
2, 3
Let s = -1 + 12. What are the prime factors of s?
11
Let c(f) = -4*f**3 - 9*f**2 + 6*f - 5. Let t(x) = x**3 - x. Let s(n) = c(n) + 5*t(n). Let d = -1 - -10. What are the prime factors of s(d)?
2
Let t(r) = -r**2 - r - 1. Let f be t(-5). List the prime factors of 6*1 - f/(-7).
3
Let c(j) be the first derivative of 4*j**2 - 6*j - 4. Let b(v) = 16*v - 11. Let s(h) = -4*b(h) + 7*c(h). List the prime factors of s(-2).
2, 3
Let d = -13 - -13. Suppose -5*x - h + 299 = d, 3*x + x + 2*h - 244 = 0. What are the prime factors of x?
59
Suppose -g - 51 = -b + 4*b, 186 = -4*g - 3*b. Let f = g + 81. Suppose q - 13 = -c, -4*c = -5*q + q - f. List the prime factors of c.
11
Let w(m) = -m**3 + 8*m**2 - 8*m + 8. What are the prime factors of w(6)?
2
Let z = 75 - 38. List the prime factors of z.
37
Let f(m) be the third derivative of m**6/40 - m**5/30 - m**4/24 + 2*m**2. List the prime factors of f(2).
2, 7
Suppose -4*f - 116 = -0*f. Let c = 0 - f. Let k = c + -18. What are the prime factors of k?
11
Suppose 5*c + 3*j = 285 - 769, -5*j = 5*c + 480. List the prime factors of (-496)/(-14) - (-42)/c.
5, 7
Let x(v) = -v**2 + 14*v. Let u be x(14). Suppose 3*s - 51 + 3 = u. List the prime factors of s.
2
Suppose 5*s - 28 = 2*u, 0 = 5*s + 4*u - u - 33. What are the prime factors of s?
2, 3
Suppose 2*i + 3*t = -i + 18, 0 = -3*i - 4*t + 18. List the prime factors of (0 - -40)/(-5 + i).
2, 5
List the prime factors of 20 + (-3 - (-4 + 1)).
2, 5
What are the prime factors of 2/(-10) + -2 + 1144/20?
5, 11
Suppose 15 = -l - 2*l, -5*l - 168 = -k. List the prime factors of k.
11, 13
Let d = -2 + 4. Let q = 18 + d. Suppose 4*h - q = -h. List the prime factors of h.
2
Let d(a) be the second derivative of -a**5/20 + a**3/3 - 3*a. What are the prime factors of d(-2)?
2
Suppose 5*d - 4*p - 209 = 0, -2*p + 245 = 5*d + 3*p. Suppose 5*a - d = -3*l, -35 = -3*l + l - 5*a. What are the prime factors of l?
2, 5
Let n = -5 - -5. Let u(m) = m + 8. Let t be u(n). Let o = 0 + t. List the prime factors of o.
2
Let w = -88 + 25. Let r = w - -114. What are the prime factors of r?
3, 17
Suppose -7*o + w + 202 = -4*o, o = 3*w + 78. List the prime factors of o.
2, 3, 11
Let v be (1 - (-2 + 3))/(-2). Suppose -2*f = -32 - v. What are the prime factors of f/(-6)*36/(-8)?
2, 3
Let r = 76 + -14. Suppose -22 - r = -4*o. What are the prime factors of o?
3, 7
Suppose -t + 5*t + 24 = 5*k, -2*k + 6 = 2*t. Let l = k + -7. What are the prime factors of 3/(9/l)*-10?
2, 5
Let v = -456 + 640. List the prime factors of v.
2, 23
Let b(c) be the second derivative of c**5/20 - c**4/4 - c**3/6 + 5*c**2/2 + 5*c. List the prime factors of b(4).
17
Suppose 693 = 5*z + m, -687 = -5*z - 2*m - 2*m. What are the prime factors of z?
139
Let v(d) = 23*d - 3. Let s be v(5). List the prime factors of (s/21)/(2/12).
2
Let j = 364 - 77. List the prime factors of j.
7, 41
Let g = 5 - 2. Let m be (-12)/((-3)/3) + g. Suppose -n = 4*n - m. What are the prime factors of n?
3
Suppose -72 - 120 = -4*k. Suppose -i - 3*i + k = 0. What are the prime factors of i?
2, 3
Let o = -33 + 56. List the prime factors of o.
23
Let l(n) = 436*n**2 - 3*n + 1. What are the prime factors of l(1)?
2, 7, 31
Let y = -12 - -6. Let p be (-9)/y*(-4)/(-1). Let c = 16 - p. List the prime factors of c.
2, 5
Let v(c) be the first derivative of -3*c + 7/2*c**2 - 2. What are the prime factors of v(2)?
11
Let x be 1/((-2)/(2 - 12)). List the prime factors of x/5*7*1.
7
Let s(f) = f + 10. Suppose -2*q + 10 = 5*t, -5*q - 6 - 4 = -5*t. Let a be s(q). Let